
Is 2636567 a prime number?
True
Is 4717 prime?
False
Is 1139 a composite number?
True
Is 125183 a prime number?
True
Is 100583 a composite number?
True
Is 4069 a composite number?
True
Is 4867 prime?
False
Is 558149 composite?
False
Is 245749 a composite number?
True
Is 18503 a prime number?
True
Is 669 a composite number?
True
Is 6047 a prime number?
True
Is 26759 prime?
True
Is 5428339 a prime number?
False
Is 1382 a composite number?
True
Is 3821 a composite number?
False
Is 26309 composite?
False
Is 76513 prime?
False
Is 2333 a prime number?
True
Is 151049 composite?
False
Is 5006 composite?
True
Is 32771 prime?
True
Is 584621 prime?
True
Is 1425023 composite?
True
Is 19829 prime?
False
Is 177407 prime?
False
Is 13063 composite?
False
Is 19001 prime?
True
Is 247141 a composite number?
False
Is 19831 a composite number?
True
Is 2355553 a prime number?
False
Is 46399 prime?
True
Is 147597 prime?
False
Is 262187 a prime number?
True
Is 2003 composite?
False
Is 1559399 composite?
False
Is 6547 composite?
False
Is 1003133 a composite number?
False
Is 279359 composite?
True
Is 19271 a composite number?
True
Is 52289 a composite number?
False
Is 7607 a prime number?
True
Is 2909 a prime number?
True
Is 516811 a prime number?
True
Is 949493 a prime number?
False
Is 61463 composite?
False
Is 626147 a prime number?
True
Is 1027213 a prime number?
False
Is 21341 a prime number?
True
Is 152417 prime?
True
Is 143674 a composite number?
True
Is 23447 composite?
False
Is 3457 a prime number?
True
Is 21967 composite?
True
Is 89207 prime?
False
Is 1714 prime?
False
Is 197815 a composite number?
True
Is 684961 a prime number?
True
Is 183149 a composite number?
True
Is 8513 composite?
False
Is 254803 prime?
True
Is 118343 composite?
False
Is 1306927 a prime number?
False
Is 229357 a composite number?
True
Is 187361 a prime number?
True
Is 959 a composite number?
True
Is 1655 composite?
True
Is 2473 a prime number?
True
Is 65867 prime?
True
Is 141761 composite?
False
Is 2722 prime?
False
Is 34781 prime?
True
Is 37129 prime?
False
Is 798179 a prime number?
True
Is 78437 composite?
False
Is 1530707 a prime number?
False
Is 38149 a prime number?
True
Is 680237 a composite number?
False
Is 55069 a prime number?
False
Is 1435997 a composite number?
False
Is 1574763 composite?
True
Is 14019 composite?
True
Is 95429 composite?
False
Is 28643 a prime number?
True
Is 83849 a prime number?
False
Is 2079133 prime?
False
Is 108631 composite?
False
Is 1031669 a prime number?
True
Is 15802 prime?
False
Is 46889 a composite number?
False
Is 3613 prime?
True
Is 26303 a prime number?
False
Is 4769 a composite number?
True
Is 17317 prime?
True
Is 74747 a prime number?
True
Is 3515819 a composite number?
False
Is 31769 a prime number?
True
Is 267338 a composite number?
True
Is 31957 a prime number?
True
Is 74738 composite?
True
Is 1103667 prime?
False
Is 3643 a prime number?
True
Is 190297 composite?
False
Is 66565 prime?
False
Is 64399 a composite number?
False
Is 42209 a prime number?
True
Is 206051 a composite number?
False
Is 324293 prime?
True
Is 718997 a composite number?
True
Is 247 composite?
True
Is 468239 a composite number?
False
Is 88187 prime?
False
Is 15371 a composite number?
True
Is 2237 a prime number?
True
Is 1543 composite?
False
Is 160851 a prime number?
False
Is 23497 prime?
True
Is 162413 a composite number?
False
Is 17817 a prime number?
False
Is 4563211 a prime number?
False
Is 967 a prime number?
True
Is 723443 a composite number?
True
Is 119 composite?
True
Is 13982 a composite number?
True
Is 68023 prime?
True
Is 51581 a composite number?
False
Is 3313003 a composite number?
False
Is 93701 a prime number?
True
Is 12193 a prime number?
False
Is 23857 prime?
True
Is 646519 a prime number?
True
Is 24391 composite?
False
Is 25834 a prime number?
False
Is 359638 a composite number?
True
Is 71035 composite?
True
Is 11749 composite?
True
Is 11545 composite?
True
Is 19001 prime?
True
Is 80659 a prime number?
False
Is 1783799 prime?
True
Is 84831 prime?
False
Is 24715 composite?
True
Is 675709 composite?
True
Is 499711 a composite number?
False
Is 80203 composite?
True
Is 14583 a prime number?
False
Is 275963 composite?
False
Is 15103 prime?
False
Is 29059 prime?
True
Is 16253 a composite number?
False
Is 1313929 prime?
True
Is 9767 prime?
True
Is 122257 a composite number?
True
Is 448993 a composite number?
False
Is 269485 a composite number?
True
Is 760127 a composite number?
True
Is 77929 composite?
False
Is 5773 prime?
False
Is 444667 prime?
False
Is 178951 prime?
True
Is 44809 a prime number?
True
Is 77309 prime?
False
Is 173081 prime?
True
Is 158021 a prime number?
False
Is 19441 a composite number?
False
Is 125393 a composite number?
True
Is 246371 a composite number?
False
Is 243343 a composite number?
False
Is 111543 a prime number?
False
Is 11201 a composite number?
True
Is 1003 a prime number?
False
Is 48569 a composite number?
True
Is 32771 prime?
True
Is 2417 prime?
True
Is 26557 a prime number?
True
Is 39335 prime?
False
Is 98827 prime?
False
Is 10715047 a prime number?
False
Is 23801 a composite number?
False
Is 832003 a prime number?
True
Is 3715 a composite number?
True
Is 746237 a prime number?
False
Is 23399 composite?
False
Is 13963 a prime number?
True
Is 6619 a composite number?
False
Is 845179 a composite number?
False
Is 681622 a composite number?
True
Is 256849 prime?
False
Is 56939 composite?
True
Is 12227 a composite number?
False
Is 25433 prime?
False
Is 16143 prime?
False
Is 236281 a composite number?
True
Is 37489 a composite number?
False
Is 5758 composite?
True
Is 2477 prime?
True
Is 850943 composite?
False
Is 3109 prime?
True
Is 29891 a composite number?
True
Is 314095 prime?
False
Is 8809 prime?
False
Is 356159 a prime number?
False
Is 39089 composite?
False
Is 7499 composite?
False
Is 42793 a prime number?
True
Is 259241 composite?
True
Is 20477 composite?
False
Is 129619 a prime number?
False
Is 8285 a composite number?
True
Is 2204431 composite?
False
Is 139613 a prime number?
False
Is 222331 a prime number?
False
Is 17681 composite?
False
Is 679 a composite number?
True
Is 523313 a composite number?
True
Is 9662 composite?
True
Is 10427 prime?
True
Is 128177 composite?
True
Is 212987 a prime number?
True
Is 28979 prime?
True
Is 313507 a prime number?
True
Is 444089 composite?
False
Is 3079 composite?
False
Is 265703 composite?
False
Is 467699 composite?
False
Is 750629 prime?
False
Is 16279 a prime number?
False
Is 321513 a composite number?
True
Is 4237 prime?
False
Is 41765 prime?
False
Is 10589 a composite number?
False
Is 168121 prime?
False
Is 12227 composite?
False
Is 89489 prime?
False
Is 33509 composite?
True
Is 337 a prime number?
True
Is 5095 prime?
False
Is 22381 composite?
False
Is 2199499 a composite number?
False
Is 1960081 a composite number?
True
Is 1067 prime?
False
Is 2699479 a prime number?
True
Is 22297 a composite number?
True
Is 3163 prime?
True
Is 20053 a prime number?
False
Is 5297 prime?
True
Is 2825759 prime?
True
Is 143 composite?
True
Is 1243826 prime?
False
Is 11149 a prime number?
True
Is 45161 prime?
True
Is 1537099 a composite number?
False
Is 6326 prime?
False
Is 30757 prime?
True
Is 98203 a composite number?
True
Is 1541 a composite number?
True
Is 2060779 prime?
False
Is 101098 composite?
True
Is 16463 a prime number?
False
Is 76091 composite?
False
Is 9143 a prime number?
False
Is 11 prime?
True
Is 153191 composite?
False
Is 1094429 a prime number?
False
Is 51463 a prime number?
False
Is 1287829 composite?
False
Is 7711881 prime?
False
Is 2321 composite?
True
Is 56801 a prime number?
False
Is 61129 a composite number?
False
Is 3511 a prime number?
True
Is 765241 composite?
False
Is 27533 prime?
False
Is 50989 a prime number?
True
Is 82321 prime?
False
Is 89699 a prime number?
False
Is 21077 a composite number?
True
Is 2449058 prime?
False
Is 4111 composite?
False
Is 207667 a prime number?
False
Is 119809 composite?
False
Is 41333 composite?
False
Is 27299 a composite number?
False
Is 1079 a prime number?
False
Is 531667 a prime number?
True
Is 12539 a composite number?
False
Is 171757 composite?
False
Is 1461127 prime?
True
Is 69677 a prime number?
True
Is 37333 composite?
True
Is 